Give m(-127).
-891
Let j(a) = 3577*a + 21394. Calculate j(-6).
-68
Let u(f) = -51*f**3 - f**2 - 201*f - 402. What is u(-2)?
404
Let c(r) = -2*r**3 - 120*r**2 - 779*r - 1151. Determine c(-5).
-6
Let w(i) = 5*i**2 + 1971*i + 391. Calculate w(-394).
-3
Let u(z) = -19*z**2 + 290*z - 419. Calculate u(14).
-83
Let x(r) = -44*r**2 - 11471*r + 58433. Give x(5).
-22
Let w(l) = -23*l**3 + 1360*l**2 - 178*l + 16. What is w(59)?
-43
Let c(u) = u**2 + 772*u - 62602. What is c(74)?
2
Let t(w) = 23598*w + 15857856. What is t(-672)?
0
Let y(i) = 6640*i - 272261. Give y(41).
-21
Let v(l) = 7*l**2 + 275*l - 2442. Determine v(-47).
96
Let f(g) = -3225*g - 67986. What is f(-21)?
-261
Let s(y) = -53*y**3 - 21*y**2 + 30*y + 52. Determine s(-1).
54
Let k(s) = -2*s**3 - 1765*s**2 + 85421*s + 16. What is k(46)?
-30
Let h(c) = -c**2 - 555*c + 27553. What is h(46)?
-93
Let f(q) = -223*q + 835. Calculate f(6).
-503
Let t(p) = -69*p**3 + 8465*p**2 + 2704*p + 267. What is t(123)?
21
Let p(m) = 46573*m + 372595. What is p(-8)?
11
Let i(x) = 5*x**3 - x**2 + 8*x - 142. Give i(0).
-142
Let h(n) = 357*n + 7495. Calculate h(-21).
-2
Let j(y) = 748*y - 19866. Calculate j(26).
-418
Let v(b) = -518*b + 5781. Calculate v(10).
601
Let j(y) = 19564*y + 1056443. Determine j(-54).
-13
Let v(g) = 2*g**2 - 61*g - 483. Give v(36).
-87
Let y(c) = -3*c**3 + 169*c**2 - 2156*c + 369. What is y(37)?
-1
Let g(h) = h**3 - 32*h**2 - 1264*h + 38500. Determine g(28).
-28
Let s(c) = 16*c**3 + 5*c**2 + 29*c - 32. Give s(1).
18
Let i(z) = -146*z**2 + 8766*z - 358. Calculate i(60).
2
Let l(u) = -u**3 - 35*u**2 + 444*u - 384. Give l(9).
48
Let v(p) = -7*p**2 + 36*p + 61. What is v(4)?
93
Let g(o) = 8674*o + 34698. Determine g(-4).
2
Let o(u) = -6151*u + 3659833. Give o(595).
-12
Let y(p) = p**3 - 331*p**2 + 649*p + 3500. Give y(329).
539
Let r(a) = -13*a**2 - 464*a - 189. Give r(-35).
126
Let g(q) = 27826*q - 1641741. Give g(59).
-7
Let p(h) = -3*h**2 - 426*h - 13179. Determine p(-32).
-2619
Let c(m) = -m**3 + 455*m**2 + 90750*m - 11. Calculate c(605).
-11
Let i(g) = -9431*g + 179162. Give i(19).
-27
Let s(o) = -2*o**3 + 52*o**2 + 52*o + 1668. What is s(28)?
-12
Let z(w) = -75*w**2 - 5146*w - 8101. What is z(-67)?
6
Let p(k) = -8*k**3 + 744*k**2 + 1551*k - 2967. What is p(95)?
-22
Let n(p) = -2*p**3 + 5*p**2 + 379*p - 797. Calculate n(14).
1
Let y(k) = -11*k**3 - 74*k**2 - 698*k - 1418. Calculate y(-3).
307
Let j(b) = -797*b + 194914. Calculate j(245).
-351
Let d(w) = 7442*w + 22233. Give d(-3).
-93
Let y(s) = 22169*s + 221693. Calculate y(-10).
3
Let f(d) = -759*d**2 - 71*d + 72. What is f(1)?
-758
Let x(y) = -17963*y + 125755. Determine x(7).
14
Let q(o) = -2090*o - 10303. What is q(-5)?
147
Let w(h) = -9*h**2 + 262*h + 3452. Calculate w(-14).
-1980
Let o(n) = -123*n - 34425. Give o(-307).
3336
Let d(y) = 2*y**3 - 578*y**2 - 3532*y - 2363. What is d(295)?
-3
Let y(a) = -123*a - 7578. Determine y(-64).
294
Let t(v) = 60*v**2 + 2646*v + 269. What is t(-44)?
5
Let r(x) = 277*x + 11990. Determine r(-43).
79
Let i(a) = -261*a**2 + 2481*a + 1309. Determine i(10).
19
Let k(j) = 2204*j + 6769. Give k(-3).
157
Let s(y) = y**3 - 19*y**2 + 5282*y + 27005. Give s(-5).
-5
Let d(l) = -l**3 - 72*l**2 - 1622*l - 110036. Calculate d(-71).
85
Let v(z) = 7*z**3 + 122*z**2 + 184*z + 390. Calculate v(-16).
6
Let r(l) = -l**3 + 33*l**2 + 588*l + 123. Give r(45).
2283
Let k(v) = -v**2 + 54*v + 589. Determine k(62).
93
Let q(b) = -686*b + 28248. What is q(41)?
122
Let p(s) = -4*s**3 - 20*s**2 + 103*s + 29. Calculate p(4).
-135
Let o(c) = 700*c - 5778. What is o(8)?
-178
Let k(d) = -5199*d - 10390. Give k(-2).
8
Let d(v) = -2*v**3 + 232*v**2 + 3354*v - 204. Give d(129).
-204
Let o(i) = -14444*i + 389973. What is o(27)?
-15
Let m(l) = -4*l**3 - 36*l**2 + 372*l + 23. Calculate m(8).
-1353
Let y(h) = 59*h + 375. What is y(-5)?
80
Let o(a) = 72622*a + 290451. Calculate o(-4).
-37
Let c(k) = -2110*k - 29545. Give c(-14).
-5
Let y(o) = 57*o**2 + 4847*o + 175. Determine y(-85).
5
Let f(m) = 60013*m + 1680419. Determine f(-28).
55
Let g(f) = -3*f**2 - 4969*f + 34937. Determine g(7).
7
Let l(k) = k**2 - 841*k + 42508. Determine l(54).
10
Let i(x) = 313*x + 73553. Give i(-235).
-2
Let s(t) = 3*t + 426. Determine s(32).
522
Let r(d) = -6150*d - 523. What is r(0)?
-523
Let j(s) = -16*s**2 - 39*s + 227. Determine j(3).
-34
Let o(c) = 22*c**2 - 426*c + 529. Determine o(18).
-11
Let v(j) = 11336*j - 1212953. Determine v(107).
-1
Let q(g) = -5518*g + 568346. What is q(103)?
-8
Let p(l) = 13488*l - 81329. Determine p(6).
-401
Let z(j) = -58*j**2 - 639*j + 16. Give z(-11).
27
Let a(s) = -s**2 + 8078*s - 16138. Determine a(2).
14
Let z(o) = o**2 + 81*o - 2416. Calculate z(-96).
-976
Let s(p) = -16*p**3 + p**2 + 45*p + 166. Calculate s(-5).
1966
Let t(x) = -20878*x + 250546. Calculate t(12).
10
Let w(r) = 2*r**3 - 85*r**2 + 888*r - 629. What is w(16)?
11
Let q(p) = 2*p**2 + 451*p + 1347. Calculate q(-3).
12
Let x(b) = 277*b**3 - 577*b**2 + 55*b - 4. Calculate x(2).
14
Let b(k) = -7766*k - 349461. What is b(-45)?
9
Let u(g) = g**3 - 13*g**2 - 207*g + 242. Determine u(22).
44
Let j(c) = 32*c**2 + 41*c + 65. Give j(-6).
971
Let n(t) = 7*t**3 - 562*t**2 + 115*t + 448. Calculate n(80).
-3152
Let y(i) = 9*i**2 - 2965*i + 13016. Calculate y(325).
16
Let s(o) = 1344*o + 27108. Determine s(-18).
2916
Let d(s) = 4740*s - 162295. Determine d(34).
-1135
Let w(i) = -i**3 - 87*i**2 + 176*i - 186. Calculate w(-89).
-8
Let k(c) = -493*c - 3277. Determine k(-8).
667
Let n(l) = -76*l + 6630. Determine n(89).
-134
Let r(j) = j**3 + 219*j**2 + 1164*j + 65359. Calculate r(-215).
-1
Let z(w) = -1335*w + 22768. Determine z(17).
73
Let c(j) = 10140*j - 30417. Calculate c(3).
3
Let t(f) = 982*f - 70707. What is t(72)?
-3
Let v(p) = 2*p**3 + 56*p**2 + 43*p - 1037. Determine v(-26).
549
Let p(b) = -49657*b + 1589045. What is p(32)?
21
Let w(z) = 2*z**2 - 181*z + 1337. Determine w(7).
168
Let f(d) = 488*d + 47721. Give f(-98).
-103
Let t(w) = -1523*w + 88537. Determine t(58).
203
Let m(w) = 2*w**3 + 312*w**2 + 4*w + 1419. Calculate m(-156).
795
Let b(c) = -3*c**3 - 7*c**2 + 160*c - 123. Calculate b(6).
-63
Let z(f) = -2*f**3 - 675*f**2 + 1001*f - 5490. Determine z(-339).
-66
Let a(u) = -2*u**2 + 8144*u - 1319206. Calculate a(169).
8
Let y(h) = 2*h**2 + 814*h + 24038. Calculate y(-32).
38
Let j(p) = 2*p**3 + 90*p**2 - 669*p - 6806. Determine j(-6).
16
Let a(o) = -43367*o + 260181. What is a(6)?
-21
Let y(u) = -791*u - 168514. Calculate y(-213).
-31
Let p(g) = 2*g**2 + 126*g - 2516. Calculate p(-79).
12
Let x(r) = 28447*r + 172469. Calculate x(-6).
1787
Let m(o) = -3*o**3 + 55*o**2 - 220*o - 48. Give m(12).
48
Let v(m) = -42295*m + 253752. What is v(6)?
-18
Let j(y) = -80731*y + 2664116. Give j(33).
-7
Let y(l) = -174*l + 1545. Calculate y(7).
327
Let b(d) = 108*d + 287. Determine b(0).
287
Let x(c) = -c**2 + 306*c + 23618. Calculate x(-64).
-62
Let v(g) = g**3 - 170*g**2 - 431*g + 14966. Calculate v(172).
2
Let p(v) = 14*v**2 + 73*v + 21. Calculate p(-5).
6
Let p(q) = -40*q**2 + 495*q + 299. Give p(11).
904
Let m(o) = -2*o**2 - 3436*o - 424529. Give m(-134).
-17
Let x(k) = 2*k**2 + 143*k + 104. What is x(-5)?
-561
Let u(b) = 202*b + 42143. Give u(-221).
-2499
Let b(d) = 169*d + 17640. Determine b(-102).
402
Let z(s) = 622*s - 737. What is z(1)?
-115
Let a(t) = -90*t**2 - 726*t + 1443. Determine a(2).
-369
Let w(o) = -39*o**2 - 371*o - 30. Determine w(-5).
850
Let s(g) = 9*g**3 + 636*g**2 - 244*g - 152. What is s(-71)?
2049
Let p(m) = 6*m**3 - 22*m**2 + 15*m - 32. What is p(4)?
60
Let z(x) = -x**2 - 2074*x + 199340. Give z(92).
68
Let o(h) = 2*h**2 + 96*h - 39309. Give o(118).
-133
Let s(c) = -28*c**2 - 175*c + 4137. Calculate s(-16).
-231
Let l(s) = 16*s**3 + 25*s**2 + 63*s + 38. Calculate l(-1).
-16
Let p(v) = -v**2 + 25*v + 151. Determine p(43).
-623
Let z(o) = -186*o + 39555. Calculate z(214).
-249
Let x(w) = w**3 - 98*w**2 + 1993*w - 330. What is x(69)?
-882
Let v(j) = 55*j**3 + 11*j**2 + 131*j + 439. Determine v(-5).
-6816
Let f(p) = -p**3 + 45*p**2 + 4*p - 2077. Calculate f(44).
35
Let d(b) = 1663*b + 27274. What is d(-16)?
666
Let d(o) = o**3 - 220*o**2 + 8547*o - 7959. Give d(170).
31
Let t(r) = -r**3 - 218*r**2 + 226*r + 1518. Calculate t(-219).
-15
Let n(c) = 